{"id":786,"date":"2022-03-16T10:19:09","date_gmt":"2022-03-16T13:19:09","guid":{"rendered":"http:\/\/10.101.10.196\/sp\/?page_id=786"},"modified":"2022-03-16T10:50:36","modified_gmt":"2022-03-16T13:50:36","slug":"novedades","status":"publish","type":"page","link":"https:\/\/sp.fica.unsl.edu.ar\/index.php\/novedades\/","title":{"rendered":"Novedades"},"content":{"rendered":"\t\t<div data-elementor-type=\"wp-page\" data-elementor-id=\"786\" class=\"elementor elementor-786\">\n\t\t\t\t\t\t<section class=\"elementor-section elementor-top-section elementor-element elementor-element-c041960 elementor-section-full_width elementor-section-height-default elementor-section-height-default\" data-id=\"c041960\" data-element_type=\"section\" data-e-type=\"section\">\n\t\t\t\t\t\t<div class=\"elementor-container elementor-column-gap-no\">\n\t\t\t\t\t<div class=\"elementor-column elementor-col-100 elementor-top-column elementor-element elementor-element-f31553a\" data-id=\"f31553a\" data-element_type=\"column\" data-e-type=\"column\">\n\t\t\t<div class=\"elementor-widget-wrap elementor-element-populated\">\n\t\t\t\t\t\t<div class=\"elementor-element elementor-element-5092690 elementor-widget elementor-widget-heading\" data-id=\"5092690\" data-element_type=\"widget\" data-e-type=\"widget\" data-widget_type=\"heading.default\">\n\t\t\t\t<div class=\"elementor-widget-container\">\n\t\t\t\t\t<h2 class=\"elementor-heading-title elementor-size-default\">NOVEDADES<\/h2>\t\t\t\t<\/div>\n\t\t\t\t<\/div>\n\t\t\t\t<section class=\"elementor-section elementor-inner-section elementor-element elementor-element-f4cf7f7 elementor-section-boxed elementor-section-height-default elementor-section-height-default\" data-id=\"f4cf7f7\" data-element_type=\"section\" data-e-type=\"section\">\n\t\t\t\t\t\t<div class=\"elementor-container elementor-column-gap-default\">\n\t\t\t\t\t<div class=\"elementor-column elementor-col-100 elementor-inner-column elementor-element elementor-element-ab48188\" data-id=\"ab48188\" data-element_type=\"column\" data-e-type=\"column\">\n\t\t\t<div class=\"elementor-widget-wrap elementor-element-populated\">\n\t\t\t\t\t\t<div class=\"elementor-element elementor-element-5ce9942 elementor-widget elementor-widget-obfx-posts-grid\" data-id=\"5ce9942\" data-element_type=\"widget\" data-e-type=\"widget\" data-widget_type=\"obfx-posts-grid.default\">\n\t\t\t\t<div class=\"elementor-widget-container\">\n\t\t\t\t\t<div class=\"obfx-grid\"><div class=\"obfx-grid-container obfx-grid-desktop-3\"><div class=\"obfx-grid-wrapper\"><article class=\"obfx-grid-col\"><div class=\"obfx-grid-col-image\" style=\"\"><a href=\"https:\/\/sp.fica.unsl.edu.ar\/index.php\/nuevo-sistema-integral-de-constancias-y-certificaciones\/\" title=\"Nuevo Sistema Integral de Constancias y Certificaciones\"><img fetchpriority=\"high\" decoding=\"async\" width=\"1918\" height=\"1920\" src=\"https:\/\/sp.fica.unsl.edu.ar\/wp-content\/uploads\/2022\/08\/virtual-5801280.png\" class=\"img-responsive wp-post-image\" alt=\"virtual-5801280\" srcset=\"https:\/\/sp.fica.unsl.edu.ar\/wp-content\/uploads\/2022\/08\/virtual-5801280.png 1918w, https:\/\/sp.fica.unsl.edu.ar\/wp-content\/uploads\/2022\/08\/virtual-5801280-300x300.png 300w, https:\/\/sp.fica.unsl.edu.ar\/wp-content\/uploads\/2022\/08\/virtual-5801280-1024x1024.png 1024w, https:\/\/sp.fica.unsl.edu.ar\/wp-content\/uploads\/2022\/08\/virtual-5801280-150x150.png 150w, https:\/\/sp.fica.unsl.edu.ar\/wp-content\/uploads\/2022\/08\/virtual-5801280-768x769.png 768w, https:\/\/sp.fica.unsl.edu.ar\/wp-content\/uploads\/2022\/08\/virtual-5801280-1534x1536.png 1534w\" sizes=\"(max-width: 1918px) 100vw, 1918px\" \/><\/a><\/div><div class=\"obfx-grid-col-content\">\t\t\t<h2 class=\"entry-title obfx-grid-title\">\n\t\t\t\t\t\t\t<a href=\"https:\/\/sp.fica.unsl.edu.ar\/index.php\/nuevo-sistema-integral-de-constancias-y-certificaciones\/\" title=\"Nuevo Sistema Integral de Constancias y Certificaciones\">\n\t\t\t\t\tNuevo Sistema Integral de Constancias y Certificaciones\t\t\t\t<\/a>\n\t\t\t\t\t\t\t<\/h2>\n\t\t\t\t\t\t<div class=\"entry-content obfx-grid-content\">\n\t\t\t\tLa Secretar\u00eda de Planeamiento informa que se ha puesto en funcionamiento el Sistema Integral de Constancias y Certificaciones (SIGCyC) para la emisi\u00f3n de constancias y&hellip;\t\t\t<\/div>\n\t\t\t<div class=\"obfx-grid-footer\"><a href=\"https:\/\/sp.fica.unsl.edu.ar\/index.php\/nuevo-sistema-integral-de-constancias-y-certificaciones\/\" title=\"Leer m\u00e1s\">Leer m\u00e1s<\/a><\/div><\/div><\/article><\/div><div class=\"obfx-grid-wrapper\"><article class=\"obfx-grid-col\"><div class=\"obfx-grid-col-image\" style=\"\"><a href=\"https:\/\/sp.fica.unsl.edu.ar\/index.php\/convocatoria-acreditacion-carreras-de-grado\/\" title=\"Convocatoria acreditaci\u00f3n carreras de grado\"><img decoding=\"async\" width=\"960\" height=\"640\" src=\"https:\/\/sp.fica.unsl.edu.ar\/wp-content\/uploads\/2022\/07\/Posgrado-1.webp\" class=\"img-responsive wp-post-image\" alt=\"Posgrado-1\" srcset=\"https:\/\/sp.fica.unsl.edu.ar\/wp-content\/uploads\/2022\/07\/Posgrado-1.webp 960w, https:\/\/sp.fica.unsl.edu.ar\/wp-content\/uploads\/2022\/07\/Posgrado-1-300x200.webp 300w, https:\/\/sp.fica.unsl.edu.ar\/wp-content\/uploads\/2022\/07\/Posgrado-1-768x512.webp 768w\" sizes=\"(max-width: 960px) 100vw, 960px\" \/><\/a><\/div><div class=\"obfx-grid-col-content\">\t\t\t<h2 class=\"entry-title obfx-grid-title\">\n\t\t\t\t\t\t\t<a href=\"https:\/\/sp.fica.unsl.edu.ar\/index.php\/convocatoria-acreditacion-carreras-de-grado\/\" title=\"Convocatoria acreditaci\u00f3n carreras de grado\">\n\t\t\t\t\tConvocatoria acreditaci\u00f3n carreras de grado\t\t\t\t<\/a>\n\t\t\t\t\t\t\t<\/h2>\n\t\t\t\t\t\t<div class=\"entry-content obfx-grid-content\">\n\t\t\t\tLa Secretar\u00eda de Planeamiento en conjunto con las comisiones de autoevaluaci\u00f3n organizan los procesos de acreditaci\u00f3n de carreras a trav\u00e9s de convocatorias que involucran a&hellip;\t\t\t<\/div>\n\t\t\t<div class=\"obfx-grid-footer\"><a href=\"https:\/\/sp.fica.unsl.edu.ar\/index.php\/convocatoria-acreditacion-carreras-de-grado\/\" title=\"Leer m\u00e1s\">Leer m\u00e1s<\/a><\/div><\/div><\/article><\/div><div class=\"obfx-grid-wrapper\"><article class=\"obfx-grid-col\"><div class=\"obfx-grid-col-image\" style=\"\"><a href=\"https:\/\/sp.fica.unsl.edu.ar\/index.php\/capacitacion-para-la-autoevaluacion\/\" title=\"Capacitaci\u00f3n para Autoevaluaci\u00f3n\"><img decoding=\"async\" width=\"1070\" height=\"321\" src=\"https:\/\/sp.fica.unsl.edu.ar\/wp-content\/uploads\/2022\/07\/logo-horizontal-1070x6601-1-e1656948433191.jpg\" class=\"img-responsive wp-post-image\" alt=\"logo-horizontal-1070&#215;6601\" srcset=\"https:\/\/sp.fica.unsl.edu.ar\/wp-content\/uploads\/2022\/07\/logo-horizontal-1070x6601-1-e1656948433191.jpg 1070w, https:\/\/sp.fica.unsl.edu.ar\/wp-content\/uploads\/2022\/07\/logo-horizontal-1070x6601-1-e1656948433191-300x90.jpg 300w, https:\/\/sp.fica.unsl.edu.ar\/wp-content\/uploads\/2022\/07\/logo-horizontal-1070x6601-1-e1656948433191-1024x307.jpg 1024w, https:\/\/sp.fica.unsl.edu.ar\/wp-content\/uploads\/2022\/07\/logo-horizontal-1070x6601-1-e1656948433191-768x230.jpg 768w\" sizes=\"(max-width: 1070px) 100vw, 1070px\" \/><\/a><\/div><div class=\"obfx-grid-col-content\">\t\t\t<h2 class=\"entry-title obfx-grid-title\">\n\t\t\t\t\t\t\t<a href=\"https:\/\/sp.fica.unsl.edu.ar\/index.php\/capacitacion-para-la-autoevaluacion\/\" title=\"Capacitaci\u00f3n para Autoevaluaci\u00f3n\">\n\t\t\t\t\tCapacitaci\u00f3n para Autoevaluaci\u00f3n\t\t\t\t<\/a>\n\t\t\t\t\t\t\t<\/h2>\n\t\t\t\t\t\t<div class=\"entry-content obfx-grid-content\">\n\t\t\t\tLa Comisi\u00f3n Nacional de Evaluaci\u00f3n y Acreditaci\u00f3n Universitaria (CONEAU) ha desarrollado una capacitaci\u00f3n virtual asincr\u00f3nica, de acceso abierto, que brindar\u00e1 informaci\u00f3n relativa al proceso de autoevaluaci\u00f3n de carreras de grado.\t\t\t<\/div>\n\t\t\t<div class=\"obfx-grid-footer\"><a href=\"https:\/\/sp.fica.unsl.edu.ar\/index.php\/capacitacion-para-la-autoevaluacion\/\" title=\"Leer m\u00e1s\">Leer m\u00e1s<\/a><\/div><\/div><\/article><\/div><div class=\"obfx-grid-wrapper\"><article class=\"obfx-grid-col\"><div class=\"obfx-grid-col-image\" style=\"\"><a href=\"https:\/\/sp.fica.unsl.edu.ar\/index.php\/talleres-de-orientacion-vocacional-en-villa-mercedes\/\" title=\"Talleres de Orientaci\u00f3n Vocacional en Villa Mercedes\"><img loading=\"lazy\" decoding=\"async\" width=\"1061\" height=\"585\" src=\"https:\/\/sp.fica.unsl.edu.ar\/wp-content\/uploads\/2022\/07\/ovo-1.jpg\" class=\"img-responsive wp-post-image\" alt=\"Orientaci\u00f3n Vocacional\" srcset=\"https:\/\/sp.fica.unsl.edu.ar\/wp-content\/uploads\/2022\/07\/ovo-1.jpg 1061w, https:\/\/sp.fica.unsl.edu.ar\/wp-content\/uploads\/2022\/07\/ovo-1-300x165.jpg 300w, https:\/\/sp.fica.unsl.edu.ar\/wp-content\/uploads\/2022\/07\/ovo-1-1024x565.jpg 1024w, https:\/\/sp.fica.unsl.edu.ar\/wp-content\/uploads\/2022\/07\/ovo-1-768x423.jpg 768w\" sizes=\"(max-width: 1061px) 100vw, 1061px\" \/><\/a><\/div><div class=\"obfx-grid-col-content\">\t\t\t<h2 class=\"entry-title obfx-grid-title\">\n\t\t\t\t\t\t\t<a href=\"https:\/\/sp.fica.unsl.edu.ar\/index.php\/talleres-de-orientacion-vocacional-en-villa-mercedes\/\" title=\"Talleres de Orientaci\u00f3n Vocacional en Villa Mercedes\">\n\t\t\t\t\tTalleres de Orientaci\u00f3n Vocacional en Villa Mercedes\t\t\t\t<\/a>\n\t\t\t\t\t\t\t<\/h2>\n\t\t\t\t\t\t<div class=\"entry-content obfx-grid-content\">\n\t\t\t\tEl Programa de Atenci\u00f3n y Seguimiento de Estudiantes (PASE) y la coordinaci\u00f3n de Ingreso de la FICA organizan e invitan a los&nbsp;Talleres de Orientaci\u00f3n Vocacional,&nbsp;destinados&hellip;\t\t\t<\/div>\n\t\t\t<div class=\"obfx-grid-footer\"><a href=\"https:\/\/sp.fica.unsl.edu.ar\/index.php\/talleres-de-orientacion-vocacional-en-villa-mercedes\/\" title=\"Leer m\u00e1s\">Leer m\u00e1s<\/a><\/div><\/div><\/article><\/div><div class=\"obfx-grid-wrapper\"><article class=\"obfx-grid-col\"><div class=\"obfx-grid-col-image\" style=\"\"><a href=\"https:\/\/sp.fica.unsl.edu.ar\/index.php\/informacion-sobre-acreditaciones-de-las-carreras-de-ingenieria\/\" title=\"Informaci\u00f3n sobre Acreditaciones de las Carreras de Ingenier\u00eda\"><img loading=\"lazy\" decoding=\"async\" width=\"1400\" height=\"425\" src=\"https:\/\/sp.fica.unsl.edu.ar\/wp-content\/uploads\/2022\/03\/acreditacion.png\" class=\"img-responsive wp-post-image\" alt=\"acreditacion\" srcset=\"https:\/\/sp.fica.unsl.edu.ar\/wp-content\/uploads\/2022\/03\/acreditacion.png 1400w, https:\/\/sp.fica.unsl.edu.ar\/wp-content\/uploads\/2022\/03\/acreditacion-300x91.png 300w, https:\/\/sp.fica.unsl.edu.ar\/wp-content\/uploads\/2022\/03\/acreditacion-1024x311.png 1024w, https:\/\/sp.fica.unsl.edu.ar\/wp-content\/uploads\/2022\/03\/acreditacion-768x233.png 768w\" sizes=\"(max-width: 1400px) 100vw, 1400px\" \/><\/a><\/div><div class=\"obfx-grid-col-content\">\t\t\t<h2 class=\"entry-title obfx-grid-title\">\n\t\t\t\t\t\t\t<a href=\"https:\/\/sp.fica.unsl.edu.ar\/index.php\/informacion-sobre-acreditaciones-de-las-carreras-de-ingenieria\/\" title=\"Informaci\u00f3n sobre Acreditaciones de las Carreras de Ingenier\u00eda\">\n\t\t\t\t\tInformaci\u00f3n sobre Acreditaciones de las Carreras de Ingenier\u00eda\t\t\t\t<\/a>\n\t\t\t\t\t\t\t<\/h2>\n\t\t\t\t\t\t<div class=\"entry-content obfx-grid-content\">\n\t\t\t\tHace varios a\u00f1os venimos trabajando en cuanto a capacitaciones y revisiones de contenidos y metodolog\u00edas en torno a los nuevos est\u00e1ndares para las carreras de&hellip;\t\t\t<\/div>\n\t\t\t<div class=\"obfx-grid-footer\"><a href=\"https:\/\/sp.fica.unsl.edu.ar\/index.php\/informacion-sobre-acreditaciones-de-las-carreras-de-ingenieria\/\" title=\"Leer m\u00e1s\">Leer m\u00e1s<\/a><\/div><\/div><\/article><\/div><div class=\"obfx-grid-wrapper\"><article class=\"obfx-grid-col\"><div class=\"obfx-grid-col-image\" style=\"\"><a href=\"https:\/\/sp.fica.unsl.edu.ar\/index.php\/informacion-carga-de-programas-2022\/\" title=\"Carga de Programas 2022\"><img loading=\"lazy\" decoding=\"async\" width=\"1061\" height=\"600\" src=\"https:\/\/sp.fica.unsl.edu.ar\/wp-content\/uploads\/2022\/03\/carga-de-programas.jpg\" class=\"img-responsive wp-post-image\" alt=\"carga de programas\" srcset=\"https:\/\/sp.fica.unsl.edu.ar\/wp-content\/uploads\/2022\/03\/carga-de-programas.jpg 1061w, https:\/\/sp.fica.unsl.edu.ar\/wp-content\/uploads\/2022\/03\/carga-de-programas-300x170.jpg 300w, https:\/\/sp.fica.unsl.edu.ar\/wp-content\/uploads\/2022\/03\/carga-de-programas-1024x579.jpg 1024w, https:\/\/sp.fica.unsl.edu.ar\/wp-content\/uploads\/2022\/03\/carga-de-programas-768x434.jpg 768w\" sizes=\"(max-width: 1061px) 100vw, 1061px\" \/><\/a><\/div><div class=\"obfx-grid-col-content\">\t\t\t<h2 class=\"entry-title obfx-grid-title\">\n\t\t\t\t\t\t\t<a href=\"https:\/\/sp.fica.unsl.edu.ar\/index.php\/informacion-carga-de-programas-2022\/\" title=\"Carga de Programas 2022\">\n\t\t\t\t\tCarga de Programas 2022\t\t\t\t<\/a>\n\t\t\t\t\t\t\t<\/h2>\n\t\t\t\t\t\t<div class=\"entry-content obfx-grid-content\">\n\t\t\t\tDentro del sitio web de la facultad, en acceso docente, o desde secretar\u00eda acad\u00e9mica se puede acceder a toda la informaci\u00f3n necesaria para la carga&hellip;\t\t\t<\/div>\n\t\t\t<div class=\"obfx-grid-footer\"><a href=\"https:\/\/sp.fica.unsl.edu.ar\/index.php\/informacion-carga-de-programas-2022\/\" title=\"Leer m\u00e1s\">Leer m\u00e1s<\/a><\/div><\/div><\/article><\/div><div class=\"obfx-grid-wrapper\"><article class=\"obfx-grid-col\"><div class=\"obfx-grid-col-image\" style=\"\"><a href=\"https:\/\/sp.fica.unsl.edu.ar\/index.php\/comienzo-1er-cuatrimestre-informacion-de-contactos\/\" title=\"Informaci\u00f3n de contacto asignaturas\"><img loading=\"lazy\" decoding=\"async\" width=\"933\" height=\"525\" src=\"https:\/\/sp.fica.unsl.edu.ar\/wp-content\/uploads\/2022\/03\/5f5b74f79bd6983b85d41918_06_CONTACTO_VIVUS.jpeg\" class=\"img-responsive wp-post-image\" alt=\"5f5b74f79bd6983b85d41918_06_CONTACTO_VIVUS\" srcset=\"https:\/\/sp.fica.unsl.edu.ar\/wp-content\/uploads\/2022\/03\/5f5b74f79bd6983b85d41918_06_CONTACTO_VIVUS.jpeg 933w, https:\/\/sp.fica.unsl.edu.ar\/wp-content\/uploads\/2022\/03\/5f5b74f79bd6983b85d41918_06_CONTACTO_VIVUS-300x169.jpeg 300w, https:\/\/sp.fica.unsl.edu.ar\/wp-content\/uploads\/2022\/03\/5f5b74f79bd6983b85d41918_06_CONTACTO_VIVUS-768x432.jpeg 768w\" sizes=\"(max-width: 933px) 100vw, 933px\" \/><\/a><\/div><div class=\"obfx-grid-col-content\">\t\t\t<h2 class=\"entry-title obfx-grid-title\">\n\t\t\t\t\t\t\t<a href=\"https:\/\/sp.fica.unsl.edu.ar\/index.php\/comienzo-1er-cuatrimestre-informacion-de-contactos\/\" title=\"Informaci\u00f3n de contacto asignaturas\">\n\t\t\t\t\tInformaci\u00f3n de contacto asignaturas\t\t\t\t<\/a>\n\t\t\t\t\t\t\t<\/h2>\n\t\t\t\t\t\t<div class=\"entry-content obfx-grid-content\">\n\t\t\t\tEl pr\u00f3ximo lunes&nbsp;14 de marzo&nbsp;se dar\u00e1 comienzo al dictado de las asignaturas del primer cuatrimestre y anuales, las que se llevar\u00e1n a cabo en modalidad&nbsp;PRESENCIAL&nbsp;de&hellip;\t\t\t<\/div>\n\t\t\t<div class=\"obfx-grid-footer\"><a href=\"https:\/\/sp.fica.unsl.edu.ar\/index.php\/comienzo-1er-cuatrimestre-informacion-de-contactos\/\" title=\"Leer m\u00e1s\">Leer m\u00e1s<\/a><\/div><\/div><\/article><\/div>\t\t\t\t<div class=\"obfx-grid-pagination\">\n\t\t\t\t\t\t\t\t\t\t<nav class=\"pagination\">\n\t\t\t\t\t\t\t\t\t\t\t<\/nav>\n\t\t\t\t<\/div>\n\t\t\t\t<\/div><!-- .obfx-grid-container --><\/div><!-- .obfx-grid -->\t\t\t\t<\/div>\n\t\t\t\t<\/div>\n\t\t\t\t\t<\/div>\n\t\t<\/div>\n\t\t\t\t\t<\/div>\n\t\t<\/section>\n\t\t\t\t\t<\/div>\n\t\t<\/div>\n\t\t\t\t\t<\/div>\n\t\t<\/section>\n\t\t\t\t<\/div>\n\t\t","protected":false},"excerpt":{"rendered":"<p>NOVEDADES \u00a1Hola mundo! Bienvenido a WordPress. Esta es tu primera entrada. Editala o borrala, y despu\u00e9s empez\u00e1 a escribir! Leer m\u00e1s<\/p>\n","protected":false},"author":4,"featured_media":0,"parent":0,"menu_order":0,"comment_status":"closed","ping_status":"closed","template":"elementor_header_footer","meta":{"_monsterinsights_skip_tracking":false,"_monsterinsights_sitenote_active":false,"_monsterinsights_sitenote_note":"","_monsterinsights_sitenote_category":0,"footnotes":""},"class_list":["post-786","page","type-page","status-publish","hentry"],"yoast_head":"<!-- This site is optimized with the Yoast SEO plugin v27.0 - https:\/\/yoast.com\/product\/yoast-seo-wordpress\/ -->\n<title>Novedades - SP<\/title>\n<meta name=\"robots\" content=\"index, follow, max-snippet:-1, max-image-preview:large, max-video-preview:-1\" \/>\n<link rel=\"canonical\" href=\"https:\/\/sp.fica.unsl.edu.ar\/index.php\/novedades\/\" \/>\n<meta property=\"og:locale\" content=\"es_ES\" \/>\n<meta property=\"og:type\" content=\"article\" \/>\n<meta property=\"og:title\" content=\"Novedades - SP\" \/>\n<meta property=\"og:description\" content=\"NOVEDADES \u00a1Hola mundo! Bienvenido a WordPress. Esta es tu primera entrada. Editala o borrala, y despu\u00e9s empez\u00e1 a escribir! Leer m\u00e1s\" \/>\n<meta property=\"og:url\" content=\"https:\/\/sp.fica.unsl.edu.ar\/index.php\/novedades\/\" \/>\n<meta property=\"og:site_name\" content=\"SP\" \/>\n<meta property=\"article:modified_time\" content=\"2022-03-16T13:50:36+00:00\" \/>\n<meta name=\"twitter:card\" content=\"summary_large_image\" \/>\n<script type=\"application\/ld+json\" class=\"yoast-schema-graph\">{\"@context\":\"https:\/\/schema.org\",\"@graph\":[{\"@type\":\"WebPage\",\"@id\":\"https:\/\/sp.fica.unsl.edu.ar\/index.php\/novedades\/\",\"url\":\"https:\/\/sp.fica.unsl.edu.ar\/index.php\/novedades\/\",\"name\":\"Novedades - SP\",\"isPartOf\":{\"@id\":\"https:\/\/sp.fica.unsl.edu.ar\/#website\"},\"datePublished\":\"2022-03-16T13:19:09+00:00\",\"dateModified\":\"2022-03-16T13:50:36+00:00\",\"breadcrumb\":{\"@id\":\"https:\/\/sp.fica.unsl.edu.ar\/index.php\/novedades\/#breadcrumb\"},\"inLanguage\":\"es-AR\",\"potentialAction\":[{\"@type\":\"ReadAction\",\"target\":[\"https:\/\/sp.fica.unsl.edu.ar\/index.php\/novedades\/\"]}]},{\"@type\":\"BreadcrumbList\",\"@id\":\"https:\/\/sp.fica.unsl.edu.ar\/index.php\/novedades\/#breadcrumb\",\"itemListElement\":[{\"@type\":\"ListItem\",\"position\":1,\"name\":\"Inicio\",\"item\":\"https:\/\/sp.fica.unsl.edu.ar\/\"},{\"@type\":\"ListItem\",\"position\":2,\"name\":\"Novedades\"}]},{\"@type\":\"WebSite\",\"@id\":\"https:\/\/sp.fica.unsl.edu.ar\/#website\",\"url\":\"https:\/\/sp.fica.unsl.edu.ar\/\",\"name\":\"SP\",\"description\":\"Secretar\u00eda de Planeamiento\",\"publisher\":{\"@id\":\"https:\/\/sp.fica.unsl.edu.ar\/#organization\"},\"potentialAction\":[{\"@type\":\"SearchAction\",\"target\":{\"@type\":\"EntryPoint\",\"urlTemplate\":\"https:\/\/sp.fica.unsl.edu.ar\/?s={search_term_string}\"},\"query-input\":{\"@type\":\"PropertyValueSpecification\",\"valueRequired\":true,\"valueName\":\"search_term_string\"}}],\"inLanguage\":\"es-AR\"},{\"@type\":\"Organization\",\"@id\":\"https:\/\/sp.fica.unsl.edu.ar\/#organization\",\"name\":\"Secretar\u00eda de Planeamiento - Facultad de Ingenier\u00eda y Ciencias Agropecuarias\",\"url\":\"https:\/\/sp.fica.unsl.edu.ar\/\",\"logo\":{\"@type\":\"ImageObject\",\"inLanguage\":\"es-AR\",\"@id\":\"https:\/\/sp.fica.unsl.edu.ar\/#\/schema\/logo\/image\/\",\"url\":\"https:\/\/sp.fica.unsl.edu.ar\/wp-content\/uploads\/2022\/02\/logo-SP.png\",\"contentUrl\":\"https:\/\/sp.fica.unsl.edu.ar\/wp-content\/uploads\/2022\/02\/logo-SP.png\",\"width\":4483,\"height\":1231,\"caption\":\"Secretar\u00eda de Planeamiento - Facultad de Ingenier\u00eda y Ciencias Agropecuarias\"},\"image\":{\"@id\":\"https:\/\/sp.fica.unsl.edu.ar\/#\/schema\/logo\/image\/\"}}]}<\/script>\n<!-- \/ Yoast SEO plugin. -->","yoast_head_json":{"title":"Novedades - SP","robots":{"index":"index","follow":"follow","max-snippet":"max-snippet:-1","max-image-preview":"max-image-preview:large","max-video-preview":"max-video-preview:-1"},"canonical":"https:\/\/sp.fica.unsl.edu.ar\/index.php\/novedades\/","og_locale":"es_ES","og_type":"article","og_title":"Novedades - SP","og_description":"NOVEDADES \u00a1Hola mundo! Bienvenido a WordPress. Esta es tu primera entrada. Editala o borrala, y despu\u00e9s empez\u00e1 a escribir! Leer m\u00e1s","og_url":"https:\/\/sp.fica.unsl.edu.ar\/index.php\/novedades\/","og_site_name":"SP","article_modified_time":"2022-03-16T13:50:36+00:00","twitter_card":"summary_large_image","schema":{"@context":"https:\/\/schema.org","@graph":[{"@type":"WebPage","@id":"https:\/\/sp.fica.unsl.edu.ar\/index.php\/novedades\/","url":"https:\/\/sp.fica.unsl.edu.ar\/index.php\/novedades\/","name":"Novedades - SP","isPartOf":{"@id":"https:\/\/sp.fica.unsl.edu.ar\/#website"},"datePublished":"2022-03-16T13:19:09+00:00","dateModified":"2022-03-16T13:50:36+00:00","breadcrumb":{"@id":"https:\/\/sp.fica.unsl.edu.ar\/index.php\/novedades\/#breadcrumb"},"inLanguage":"es-AR","potentialAction":[{"@type":"ReadAction","target":["https:\/\/sp.fica.unsl.edu.ar\/index.php\/novedades\/"]}]},{"@type":"BreadcrumbList","@id":"https:\/\/sp.fica.unsl.edu.ar\/index.php\/novedades\/#breadcrumb","itemListElement":[{"@type":"ListItem","position":1,"name":"Inicio","item":"https:\/\/sp.fica.unsl.edu.ar\/"},{"@type":"ListItem","position":2,"name":"Novedades"}]},{"@type":"WebSite","@id":"https:\/\/sp.fica.unsl.edu.ar\/#website","url":"https:\/\/sp.fica.unsl.edu.ar\/","name":"SP","description":"Secretar\u00eda de Planeamiento","publisher":{"@id":"https:\/\/sp.fica.unsl.edu.ar\/#organization"},"potentialAction":[{"@type":"SearchAction","target":{"@type":"EntryPoint","urlTemplate":"https:\/\/sp.fica.unsl.edu.ar\/?s={search_term_string}"},"query-input":{"@type":"PropertyValueSpecification","valueRequired":true,"valueName":"search_term_string"}}],"inLanguage":"es-AR"},{"@type":"Organization","@id":"https:\/\/sp.fica.unsl.edu.ar\/#organization","name":"Secretar\u00eda de Planeamiento - Facultad de Ingenier\u00eda y Ciencias Agropecuarias","url":"https:\/\/sp.fica.unsl.edu.ar\/","logo":{"@type":"ImageObject","inLanguage":"es-AR","@id":"https:\/\/sp.fica.unsl.edu.ar\/#\/schema\/logo\/image\/","url":"https:\/\/sp.fica.unsl.edu.ar\/wp-content\/uploads\/2022\/02\/logo-SP.png","contentUrl":"https:\/\/sp.fica.unsl.edu.ar\/wp-content\/uploads\/2022\/02\/logo-SP.png","width":4483,"height":1231,"caption":"Secretar\u00eda de Planeamiento - Facultad de Ingenier\u00eda y Ciencias Agropecuarias"},"image":{"@id":"https:\/\/sp.fica.unsl.edu.ar\/#\/schema\/logo\/image\/"}}]}},"_links":{"self":[{"href":"https:\/\/sp.fica.unsl.edu.ar\/index.php\/wp-json\/wp\/v2\/pages\/786","targetHints":{"allow":["GET"]}}],"collection":[{"href":"https:\/\/sp.fica.unsl.edu.ar\/index.php\/wp-json\/wp\/v2\/pages"}],"about":[{"href":"https:\/\/sp.fica.unsl.edu.ar\/index.php\/wp-json\/wp\/v2\/types\/page"}],"author":[{"embeddable":true,"href":"https:\/\/sp.fica.unsl.edu.ar\/index.php\/wp-json\/wp\/v2\/users\/4"}],"replies":[{"embeddable":true,"href":"https:\/\/sp.fica.unsl.edu.ar\/index.php\/wp-json\/wp\/v2\/comments?post=786"}],"version-history":[{"count":4,"href":"https:\/\/sp.fica.unsl.edu.ar\/index.php\/wp-json\/wp\/v2\/pages\/786\/revisions"}],"predecessor-version":[{"id":791,"href":"https:\/\/sp.fica.unsl.edu.ar\/index.php\/wp-json\/wp\/v2\/pages\/786\/revisions\/791"}],"wp:attachment":[{"href":"https:\/\/sp.fica.unsl.edu.ar\/index.php\/wp-json\/wp\/v2\/media?parent=786"}],"curies":[{"name":"wp","href":"https:\/\/api.w.org\/{rel}","templated":true}]}}